0
Suppose -3 = -5*m + 22, -4*i + 1809 = -3*m. Let z = i + -227. What is the units digit of z?
9
Let c be (-210)/(-66) + 4/(-22). Suppose -c*u + 805 = -f, 0 = -u + 2*u - 3*f - 279. Suppose 4*y + 4*n = 216, 5*y = -4*n - 0*n + u. What is the tens digit of y?
5
Suppose 6*t - t - 2280 = -5*s, 4*t - 3*s = 1796. Suppose -3*i - t = -4*u + i, -2*u = -3*i - 225. What is the hundreds digit of u?
1
Suppose 0 = -5*a - 5, 2*a + 15 = 3*t + 5*a. Let n(d) be the third derivative of d**5/60 - 7*d**4/24 + 5*d**3/2 - d**2. What is the units digit of n(t)?
9
Suppose 0 = 74*i - 125139 - 22861. What is the tens digit of i?
0
Suppose -74 = 3*g - 2765. What is the units digit of g?
7
Let s(f) = -f**3 + 27*f**2 - f + 65. What is the units digit of s(27)?
8
Let z(y) = -y - 2. Let g be z(5). Let k = -5 - g. Suppose 3*w - 20 = k*w. What is the tens digit of w?
2
Suppose 4*w - 312 = -2*n, 0 = -3*n + 5*n - 4*w - 280. What is the tens digit of n?
4
Let z(x) = -x**3 - x**2 + 3*x - 10. Let q be z(-5). Let m = 21 + q. Suppose 20 = 4*p - m. What is the units digit of p?
9
Let v = 1092 + -476. What is the hundreds digit of v?
6
Let f = 1010 - 105. What is the hundreds digit of f?
9
Suppose 311 = 2*h + 5*f - 0*f, 3*h = -4*f + 449. What is the hundreds digit of h?
1
Let t = -6 + 19. Let w = t - 8. Suppose 2*y + 2*r - 5*r + w = 0, -y - 2*r = -15. What is the units digit of y?
5
Let o(r) = -1528*r - 75. What is the units digit of o(-2)?
1
Suppose 3*z + 4 = 4*k, -3*z - 1 = -3*k + 2*k. Suppose -s + 0*s - 8 = z. What is the units digit of s/4 - 0 - -27?
5
Suppose 3*n + 114 = 5*n. Suppose -5*y + 186 = b, -4*y + 4*b - 58 + 226 = 0. Let a = n - y. What is the tens digit of a?
1
Let f = -62 + 29. Let s = 56 + f. What is the tens digit of s?
2
Let s(y) = -y**2 + 3*y + 4. Let i be s(-1). What is the tens digit of 1*-69*(5 + i + -8)?
0
Let h = -34 - -66. Let o be (-3)/((-9)/17)*3. Let p = h - o. What is the tens digit of p?
1
Let g(h) = 14*h**2 + 5*h - 6. Let l be g(1). Suppose l*d = 16*d - 735. What is the units digit of d?
5
Let x = 50 + -44. Let c = x + 39. What is the tens digit of c?
4
Let g(p) = 7*p**3 + 21*p**2 + 4*p - 9. Let x(s) = 4*s**3 + 11*s**2 + 2*s - 5. Let d(i) = -3*g(i) + 5*x(i). Let a = 8 - 16. What is the tens digit of d(a)?
1
Let t be 1/(2/6*1). Suppose -3*l = -b - 6, 4*b + 6 = 2*b + t*l. Let a(i) = i**3 - i**2 - 2*i + 43. What is the tens digit of a(b)?
4
Let k(q) = -20*q + 12*q + 14*q + q**2 + 2. Let g be k(-6). What is the units digit of (-1 - 52/(-8))*g?
1
Let r(l) = l**3 - 7*l**2 + 6*l + 5. Let v be r(6). Suppose -v*y + 48 = -y. What is the tens digit of y?
1
Suppose -233*t + 240*t - 13531 = 0. What is the units digit of t?
3
Suppose 0 = c + 6*c - 8470. What is the tens digit of c?
1
Let n(q) = 3*q**2 + q - 5. Suppose 5*m = 12 - 32. Let x be n(m). Let h = -18 + x. What is the units digit of h?
1
Suppose 3*x = -4*y + 6*y + 465, x - 155 = 2*y. Let u = x + -90. What is the units digit of u?
5
Let c(j) = -j**2 + 8*j + 15. Let m be c(9). Suppose 8 = g + m. Suppose 20 = 5*l - g*k - 72, l = -2*k + 16. What is the tens digit of l?
1
Let g be 1 + -17 + 4/2. Let n = -9 - g. Suppose 27 = 3*u + u + n*r, 2*u - 2*r - 36 = 0. What is the tens digit of u?
1
Let i = -231 - -517. What is the hundreds digit of i?
2
Let t be 8/(-1)*((-4)/(-4) + -2). Suppose -t*i + 691 = -301. What is the tens digit of i?
2
Let i = -214 - -517. Let d = i + -180. What is the units digit of d?
3
Let k(d) = 46*d + 30. What is the tens digit of k(11)?
3
Let j(p) = 8*p**2 - 5*p + 17. Suppose 3*b + 7*t = 8*t - 16, b + 5*t = 0. What is the units digit of j(b)?
2
Let r(p) = 31*p + 16. Let n be r(9). Let k = n + -203. What is the units digit of k?
2
Let v = 0 - -5. Let f be ((-6)/10)/(v/(-75)). What is the units digit of (-192)/10*(-30)/f?
4
Let o(d) = 2*d**2 - 12*d - 7. Let m = 26 + -10. Let j = m - 7. What is the tens digit of o(j)?
4
Let f(v) be the second derivative of -v**4/12 + 7*v**3/6 - 3*v**2 + v. Let m be f(6). Let p(b) = b + 23. What is the units digit of p(m)?
3
Suppose 2*y + 41*y = 74648. What is the tens digit of y?
3
Let a(g) = -g**3 - 6*g**2 + 3*g + 7. Let i be 156/21 + (-12)/(-21). Let u(k) = k - 15. Let d be u(i). What is the units digit of a(d)?
5
What is the tens digit of 8919/54 + ((-25)/30)/5?
6
Suppose -21 + 6 = 5*d, 191 = 2*b - d. What is the units digit of b?
4
Let o = 11 + -9. Suppose -4*l - 2*k = -460, o*k = 3*l + l - 460. Suppose 10*j = 5*j + l. What is the units digit of j?
3
Suppose -6*p + 2000 = -598. What is the units digit of p?
3
What is the units digit of 422 - (-6 + 4 - -1)*-1?
1
Suppose 4 = u + 2. What is the tens digit of 1 + 6/u + 64?
6
Suppose -4*b + y = -47, 1 = 2*y - 1. Let k = b + -8. What is the units digit of (-1180)/(-35) - k/(-14)?
4
Suppose 2*r - 45 = s, 4*r - 2*s = -3*s + 105. Let z be (-3)/(((-3)/49)/((-10)/35)). Let m = r - z. What is the units digit of m?
9
Let j(i) = -i**2 - 11*i + 8. Suppose h + 5*z - z - 1 = 0, 5*z - 15 = 0. Let v be j(h). Let n(q) = 2*q**2 - 9*q - 4. What is the units digit of n(v)?
2
Suppose 4*y - 2*b = 7*y - 1273, -2*y = 2*b - 850. What is the units digit of y?
3
Let b(u) = -u**3 - 6*u**2 - 6*u - 5. Let p be b(-5). Suppose 7*l - 6 - 8 = p. What is the units digit of l?
2
Let k(l) = l**3 + 14*l**2 - 13*l - 12. Let v(t) = 3*t**3 + 43*t**2 - 39*t - 35. Let z(w) = -7*k(w) + 2*v(w). What is the tens digit of z(-13)?
1
Suppose -z = 3*f - 668, 3*f + 1221 = 4*z - 1451. What is the tens digit of z?
6
What is the thousands digit of 6/4*(6 - (-34384)/24)?
2
Let p(x) = x**2 - 8*x + 10. Let u be p(7). Let s(a) = -2*a**3 + a + 1 - a**2 + a**3 + 0*a**u. What is the tens digit of s(-3)?
1
Let w(q) = 2*q + 15. Let c be w(-6). Suppose 2*n + 97 = 2*p - 17, 230 = 4*p - c*n. What is the tens digit of p?
5
Suppose 0 = -4*h - t + 5, 3*h + 4*t + 2 = -4. Suppose -h*j + 14*j = 240. What is the tens digit of j?
2
Let y = 36 + -2. Suppose 0 = p - 5*w - 7 - 31, 3*p - 72 = w. Let f = y - p. What is the tens digit of f?
1
Let l(b) be the first derivative of 3*b**4/4 - b**2/2 - 2*b + 3. Suppose -5*u + 5*o + 25 = 0, -2*u - 5*o = -0*u + 11. What is the tens digit of l(u)?
2
Let a(g) = -g**2 - 21*g + 26. Let u be a(-22). Suppose 167 = u*k - 85. What is the units digit of k?
3
Suppose 5*x - 284 = -54. Suppose 5*f - 236 = -x. What is the units digit of f?
8
Let l(k) = -k**3 + 6*k**2 + 5*k + 17. Let n be l(7). Suppose -3*s = n*h, 3*h + 0*h - 10 = -s. Let o(b) = -9*b + 13. What is the units digit of o(s)?
8
Suppose 2*u - 2 = -0*r - 2*r, 3*r + 11 = 4*u. Suppose -u*i + i - 4*a = -68, -i - 2*a + 66 = 0. Suppose 4*f - 176 = -i. What is the units digit of f?
8
Suppose 0 = -4*i - j + 16045, -j + 0*j - 16051 = -4*i. What is the hundreds digit of i?
0
Let k be 701/(-9)*-1 - (-35)/315. Let c = k - -115. What is the hundreds digit of c?
1
Suppose 4*g - 3*g + 108 = 0. Let b = g - -224. Let h = 176 - b. What is the units digit of h?
0
Suppose -39 = -l - 2*l. Let p = l - 10. What is the units digit of (-6 + 1)/((-1)/p)?
5
Let h be (14/6)/(-7)*-33. Let x(l) = -2 - h + 5*l - 3. What is the tens digit of x(20)?
8
Let a = -700 - -1148. What is the units digit of a?
8
Let c(l) = 9*l**2 - 16*l + 44. What is the units digit of c(8)?
2
Let r(b) = 40*b - 13. What is the tens digit of r(9)?
4
Suppose 19*x - 11*x = 1104. What is the hundreds digit of x?
1
What is the units digit of (2*(-366)/(-6))/((-4)/(-6))?
3
Suppose -19*p + 16*p + 63 = 0. Suppose -p*j = -25*j + 84. What is the tens digit of j?
2
Let j(m) = 8*m + 17. Let n(f) = 17*f + 34. Let z(g) = 13*j(g) - 6*n(g). What is the units digit of z(13)?
3
Let p(o) = o**3 - o**2 + o - 4. Let z be p(2). Suppose -2*t + 3*t - 502 = -3*y, -3*y - z*t = -506. What is the hundreds digit of y?
1
Let y(t) = t**2 - 6*t + 2. Let m be y(6). Suppose 0 = m*u - 39 - 9. Let a = 46 - u. What is the units digit of a?
2
Let b(h) = 12*h - 31*h + 6 + 2*h. What is the units digit of b(-3)?
7
Suppose 3*a + n = -2*n + 822, -3*a - 4*n = -826. Let f = -175 + a. What is the units digit of f?
5
Let y be 0/((-1 - 3) + 5). Suppose -4*k - i + 193 = y, -2*k - 4*i + 109 = -i. What is the units digit of k?
7
Let m = 128 - 135. What is the hundreds digit of m + 4 + -2 - -150?
1
Let i(t) = 62*t - 5. Let s be (-1 - 1)/2 - (6 - 10). What is the tens digit of i(s)?
8
Let i(x) = -x**2 + 18